SET IDENTITY_INSERT system_group ON; 

INSERT INTO system_group (id,name) VALUES (1,'Admin'); 

INSERT INTO system_group (id,name) VALUES (2,'Standard'); 

SET IDENTITY_INSERT system_group OFF; 

SET IDENTITY_INSERT system_group_program ON; 

INSERT INTO system_group_program (id,system_group_id,system_program_id) VALUES (1,1,1); 

INSERT INTO system_group_program (id,system_group_id,system_program_id) VALUES (2,1,2); 

INSERT INTO system_group_program (id,system_group_id,system_program_id) VALUES (3,1,3); 

INSERT INTO system_group_program (id,system_group_id,system_program_id) VALUES (4,1,4); 

INSERT INTO system_group_program (id,system_group_id,system_program_id) VALUES (5,1,5); 

INSERT INTO system_group_program (id,system_group_id,system_program_id) VALUES (6,1,6); 

INSERT INTO system_group_program (id,system_group_id,system_program_id) VALUES (7,1,8); 

INSERT INTO system_group_program (id,system_group_id,system_program_id) VALUES (8,1,9); 

INSERT INTO system_group_program (id,system_group_id,system_program_id) VALUES (9,1,11); 

INSERT INTO system_group_program (id,system_group_id,system_program_id) VALUES (10,1,14); 

INSERT INTO system_group_program (id,system_group_id,system_program_id) VALUES (11,1,15); 

INSERT INTO system_group_program (id,system_group_id,system_program_id) VALUES (12,2,10); 

INSERT INTO system_group_program (id,system_group_id,system_program_id) VALUES (13,2,12); 

INSERT INTO system_group_program (id,system_group_id,system_program_id) VALUES (14,2,13); 

INSERT INTO system_group_program (id,system_group_id,system_program_id) VALUES (15,2,16); 

INSERT INTO system_group_program (id,system_group_id,system_program_id) VALUES (16,2,17); 

INSERT INTO system_group_program (id,system_group_id,system_program_id) VALUES (17,2,18); 

INSERT INTO system_group_program (id,system_group_id,system_program_id) VALUES (18,2,19); 

INSERT INTO system_group_program (id,system_group_id,system_program_id) VALUES (19,2,20); 

INSERT INTO system_group_program (id,system_group_id,system_program_id) VALUES (20,1,21); 

INSERT INTO system_group_program (id,system_group_id,system_program_id) VALUES (21,2,22); 

INSERT INTO system_group_program (id,system_group_id,system_program_id) VALUES (22,2,23); 

INSERT INTO system_group_program (id,system_group_id,system_program_id) VALUES (23,2,24); 

INSERT INTO system_group_program (id,system_group_id,system_program_id) VALUES (24,2,25); 

INSERT INTO system_group_program (id,system_group_id,system_program_id) VALUES (25,1,26); 

INSERT INTO system_group_program (id,system_group_id,system_program_id) VALUES (26,1,27); 

INSERT INTO system_group_program (id,system_group_id,system_program_id) VALUES (27,1,28); 

INSERT INTO system_group_program (id,system_group_id,system_program_id) VALUES (28,1,29); 

INSERT INTO system_group_program (id,system_group_id,system_program_id) VALUES (29,2,30); 

INSERT INTO system_group_program (id,system_group_id,system_program_id) VALUES (30,1,31); 

INSERT INTO system_group_program (id,system_group_id,system_program_id) VALUES (31,1,32); 

INSERT INTO system_group_program (id,system_group_id,system_program_id) VALUES (32,1,33); 

INSERT INTO system_group_program (id,system_group_id,system_program_id) VALUES (33,1,34); 

SET IDENTITY_INSERT system_group_program OFF; 

SET IDENTITY_INSERT system_program ON; 

INSERT INTO system_program (id,name,controller) VALUES (1,'System Group Form','SystemGroupForm'); 

INSERT INTO system_program (id,name,controller) VALUES (2,'System Group List','SystemGroupList'); 

INSERT INTO system_program (id,name,controller) VALUES (3,'System Program Form','SystemProgramForm'); 

INSERT INTO system_program (id,name,controller) VALUES (4,'System Program List','SystemProgramList'); 

INSERT INTO system_program (id,name,controller) VALUES (5,'System User Form','SystemUserForm'); 

INSERT INTO system_program (id,name,controller) VALUES (6,'System User List','SystemUserList'); 

INSERT INTO system_program (id,name,controller) VALUES (7,'Common Page','CommonPage'); 

INSERT INTO system_program (id,name,controller) VALUES (8,'System PHP Info','SystemPHPInfoView'); 

INSERT INTO system_program (id,name,controller) VALUES (9,'System ChangeLog View','SystemChangeLogView'); 

INSERT INTO system_program (id,name,controller) VALUES (10,'Welcome View','WelcomeView'); 

INSERT INTO system_program (id,name,controller) VALUES (11,'System Sql Log','SystemSqlLogList'); 

INSERT INTO system_program (id,name,controller) VALUES (12,'System Profile View','SystemProfileView'); 

INSERT INTO system_program (id,name,controller) VALUES (13,'System Profile Form','SystemProfileForm'); 

INSERT INTO system_program (id,name,controller) VALUES (14,'System SQL Panel','SystemSQLPanel'); 

INSERT INTO system_program (id,name,controller) VALUES (15,'System Access Log','SystemAccessLogList'); 

INSERT INTO system_program (id,name,controller) VALUES (16,'System Message Form','SystemMessageForm'); 

INSERT INTO system_program (id,name,controller) VALUES (17,'System Message List','SystemMessageList'); 

INSERT INTO system_program (id,name,controller) VALUES (18,'System Message Form View','SystemMessageFormView'); 

INSERT INTO system_program (id,name,controller) VALUES (19,'System Notification List','SystemNotificationList'); 

INSERT INTO system_program (id,name,controller) VALUES (20,'System Notification Form View','SystemNotificationFormView'); 

INSERT INTO system_program (id,name,controller) VALUES (21,'System Document Category List','SystemDocumentCategoryFormList'); 

INSERT INTO system_program (id,name,controller) VALUES (22,'System Document Form','SystemDocumentForm'); 

INSERT INTO system_program (id,name,controller) VALUES (23,'System Document Upload Form','SystemDocumentUploadForm'); 

INSERT INTO system_program (id,name,controller) VALUES (24,'System Document List','SystemDocumentList'); 

INSERT INTO system_program (id,name,controller) VALUES (25,'System Shared Document List','SystemSharedDocumentList'); 

INSERT INTO system_program (id,name,controller) VALUES (26,'System Unit Form','SystemUnitForm'); 

INSERT INTO system_program (id,name,controller) VALUES (27,'System Unit List','SystemUnitList'); 

INSERT INTO system_program (id,name,controller) VALUES (28,'System Access stats','SystemAccessLogStats'); 

INSERT INTO system_program (id,name,controller) VALUES (29,'System Preference form','SystemPreferenceForm'); 

INSERT INTO system_program (id,name,controller) VALUES (30,'System Support form','SystemSupportForm'); 

INSERT INTO system_program (id,name,controller) VALUES (31,'System PHP Error','SystemPHPErrorLogView'); 

INSERT INTO system_program (id,name,controller) VALUES (32,'System Database Browser','SystemDatabaseExplorer'); 

INSERT INTO system_program (id,name,controller) VALUES (33,'System Table List','SystemTableList'); 

INSERT INTO system_program (id,name,controller) VALUES (34,'System Data Browser','SystemDataBrowser'); 

SET IDENTITY_INSERT system_program OFF; 

SET IDENTITY_INSERT system_unit ON; 

INSERT INTO system_unit (id,name) VALUES (1,'Matriz'); 

SET IDENTITY_INSERT system_unit OFF; 

SET IDENTITY_INSERT system_user_group ON; 

INSERT INTO system_user_group (id,system_user_id,system_group_id) VALUES (1,1,1); 

INSERT INTO system_user_group (id,system_user_id,system_group_id) VALUES (2,2,2); 

INSERT INTO system_user_group (id,system_user_id,system_group_id) VALUES (3,1,2); 

SET IDENTITY_INSERT system_user_group OFF; 

SET IDENTITY_INSERT system_user_program ON; 

INSERT INTO system_user_program (id,system_user_id,system_program_id) VALUES (1,2,7); 

SET IDENTITY_INSERT system_user_program OFF; 

SET IDENTITY_INSERT system_users ON;

SET IDENTITY_INSERT system_users OFF; 

SET IDENTITY_INSERT system_user_unit ON; 

INSERT INTO system_user_unit (id,system_user_id,system_unit_id) VALUES (1,1,1); 

SET IDENTITY_INSERT system_user_unit OFF; 

SET IDENTITY_INSERT tabcadagendamentostatus ON; 

INSERT INTO tabcadagendamentostatus (id,dtultimaatualizacao,nome) VALUES (1,null,'Pendente'); 

INSERT INTO tabcadagendamentostatus (id,dtultimaatualizacao,nome) VALUES (2,null,'Lançado'); 

INSERT INTO tabcadagendamentostatus (id,dtultimaatualizacao,nome) VALUES (3,null,'Cancelado'); 

INSERT INTO tabcadagendamentostatus (id,dtultimaatualizacao,nome) VALUES (4,null,'Adiado'); 

INSERT INTO tabcadagendamentostatus (id,dtultimaatualizacao,nome) VALUES (5,null,'Prorrogado'); 

INSERT INTO tabcadagendamentostatus (id,dtultimaatualizacao,nome) VALUES (6,null,'Gelar Caminhão'); 

SET IDENTITY_INSERT tabcadagendamentostatus OFF; 

SET IDENTITY_INSERT tabcadbanco ON; 

INSERT INTO tabcadbanco (NUMBAN,NOMBAN) VALUES (001,'Banco do Brasil'); 

SET IDENTITY_INSERT tabcadbanco OFF; 

SET IDENTITY_INSERT tabcadcc ON; 

INSERT INTO tabcadcc (codcentrodecustos,nomecentrodecustos,situacao,codemp,coduser,padrao,semrequisicao) VALUES (1,'Daniel','ATIVADO',null,1,null,null); 

SET IDENTITY_INSERT tabcadcc OFF; 

SET IDENTITY_INSERT tabcadfaturamentostatus ON; 

INSERT INTO tabcadfaturamentostatus (id,dtultimaatualizacao,nome) VALUES (1,null,'Carregado'); 

INSERT INTO tabcadfaturamentostatus (id,dtultimaatualizacao,nome) VALUES (2,null,'Faturado'); 

SET IDENTITY_INSERT tabcadfaturamentostatus OFF; 

SET IDENTITY_INSERT tabcadfazenda ON; 

INSERT INTO tabcadfazenda (codfaz,codext,usualfaz,situacao,nomefaz,codcidade,cep,tel1,tel2,tel3,cnpj,inscricao,baixaestoque,localestoque,notafiscal,totalm3,codempfaz,apestzero,datadissidio,fazenda_grupo,info_faturamento,centrocustos_id,centrocustos_fazenda,codfolha) VALUES (1,5,'CACHOEIRA','ATIVADO','FAZENDA CACHOEIRA',null,'','','','','','','',null,null,null,null,'',null,null,null,null,null,null); 

INSERT INTO tabcadfazenda (codfaz,codext,usualfaz,situacao,nomefaz,codcidade,cep,tel1,tel2,tel3,cnpj,inscricao,baixaestoque,localestoque,notafiscal,totalm3,codempfaz,apestzero,datadissidio,fazenda_grupo,info_faturamento,centrocustos_id,centrocustos_fazenda,codfolha) VALUES (2,19,'PALMEIRA','ATIVADO','FAZENDA PALMEIRA',null,'','','','','','','',null,null,null,null,'',null,null,null,null,null,null); 

INSERT INTO tabcadfazenda (codfaz,codext,usualfaz,situacao,nomefaz,codcidade,cep,tel1,tel2,tel3,cnpj,inscricao,baixaestoque,localestoque,notafiscal,totalm3,codempfaz,apestzero,datadissidio,fazenda_grupo,info_faturamento,centrocustos_id,centrocustos_fazenda,codfolha) VALUES (3,17,'PINHEIRO','ATIVADO','FAZENDA PINHEIRO',null,'','','','','','','',null,null,null,null,'',null,null,null,null,null,null); 

INSERT INTO tabcadfazenda (codfaz,codext,usualfaz,situacao,nomefaz,codcidade,cep,tel1,tel2,tel3,cnpj,inscricao,baixaestoque,localestoque,notafiscal,totalm3,codempfaz,apestzero,datadissidio,fazenda_grupo,info_faturamento,centrocustos_id,centrocustos_fazenda,codfolha) VALUES (4,3,'VITORIA','ATIVADO','FAZENDA VITORIA',null,'','','','','','','',null,null,null,null,'',null,null,null,null,null,null); 

INSERT INTO tabcadfazenda (codfaz,codext,usualfaz,situacao,nomefaz,codcidade,cep,tel1,tel2,tel3,cnpj,inscricao,baixaestoque,localestoque,notafiscal,totalm3,codempfaz,apestzero,datadissidio,fazenda_grupo,info_faturamento,centrocustos_id,centrocustos_fazenda,codfolha) VALUES (5,16,'DIOGO','ATIVADO','FAZENDA DIOGO',null,'','','','','','','',null,null,null,null,'',null,null,null,null,null,null); 

INSERT INTO tabcadfazenda (codfaz,codext,usualfaz,situacao,nomefaz,codcidade,cep,tel1,tel2,tel3,cnpj,inscricao,baixaestoque,localestoque,notafiscal,totalm3,codempfaz,apestzero,datadissidio,fazenda_grupo,info_faturamento,centrocustos_id,centrocustos_fazenda,codfolha) VALUES (8,12,'BASSETO','ATIVADO','FAZENDA RETIRO FAXINAL',null,'','','','','','','',null,null,null,null,'',null,null,null,null,null,null); 

INSERT INTO tabcadfazenda (codfaz,codext,usualfaz,situacao,nomefaz,codcidade,cep,tel1,tel2,tel3,cnpj,inscricao,baixaestoque,localestoque,notafiscal,totalm3,codempfaz,apestzero,datadissidio,fazenda_grupo,info_faturamento,centrocustos_id,centrocustos_fazenda,codfolha) VALUES (9,18,'COQUEIRO','ATIVADO','FAZENDA COQUEIRO',null,'','','','','','','',null,null,null,null,'',null,null,null,null,null,null); 

INSERT INTO tabcadfazenda (codfaz,codext,usualfaz,situacao,nomefaz,codcidade,cep,tel1,tel2,tel3,cnpj,inscricao,baixaestoque,localestoque,notafiscal,totalm3,codempfaz,apestzero,datadissidio,fazenda_grupo,info_faturamento,centrocustos_id,centrocustos_fazenda,codfolha) VALUES (10,1,'SANTA LUIZA','ATIVADO','FAZENDA SANTA LUIZA',null,'','','','','','','',null,null,null,null,'',null,null,null,null,null,null); 

INSERT INTO tabcadfazenda (codfaz,codext,usualfaz,situacao,nomefaz,codcidade,cep,tel1,tel2,tel3,cnpj,inscricao,baixaestoque,localestoque,notafiscal,totalm3,codempfaz,apestzero,datadissidio,fazenda_grupo,info_faturamento,centrocustos_id,centrocustos_fazenda,codfolha) VALUES (11,15,'BELA VISTA','ATIVADO','FAZENDA BELA VISTA',null,'','','','','','','',null,null,null,null,'',null,null,null,null,null,null); 

INSERT INTO tabcadfazenda (codfaz,codext,usualfaz,situacao,nomefaz,codcidade,cep,tel1,tel2,tel3,cnpj,inscricao,baixaestoque,localestoque,notafiscal,totalm3,codempfaz,apestzero,datadissidio,fazenda_grupo,info_faturamento,centrocustos_id,centrocustos_fazenda,codfolha) VALUES (12,20,'PAULISTANIA1','ATIVADO','FAZENDA PAULISTANIA 1',null,'','','','','','','',null,null,null,null,'',null,null,null,null,null,null); 

INSERT INTO tabcadfazenda (codfaz,codext,usualfaz,situacao,nomefaz,codcidade,cep,tel1,tel2,tel3,cnpj,inscricao,baixaestoque,localestoque,notafiscal,totalm3,codempfaz,apestzero,datadissidio,fazenda_grupo,info_faturamento,centrocustos_id,centrocustos_fazenda,codfolha) VALUES (13,21,'SANTA LUCIA','ATIVADO','FAZENDA SANTA LUCIA',null,'','','','','','','',null,null,null,null,'',null,null,null,null,null,null); 

SET IDENTITY_INSERT tabcadfazenda OFF; 

SET IDENTITY_INSERT tabcadfazenda_grupo ON; 

INSERT INTO tabcadfazenda_grupo (id,descricao) VALUES (1,'Vitória'); 

INSERT INTO tabcadfazenda_grupo (id,descricao) VALUES (2,'Paulistânia'); 

SET IDENTITY_INSERT tabcadfazenda_grupo OFF; 

SET IDENTITY_INSERT tabcadfornecedor ON; 

INSERT INTO tabcadfornecedor (codfornecedor,nomefantasia,nomefornecedor,codemp,codext,cidade,uf,tel,fax,email,situacao,cnpjforn,lp_transporte,ieforn,enderecoforn,numendforn,dataabert,cepforn,atividadeprin,sitcad,tipo_id,status_lr,bairroforn,ignorarNFS) VALUES (1,'PROVET','PROVET',null,null,'','','','','',null,null,null,null,null,null,null,null,null,null,null,null,null,null); 

INSERT INTO tabcadfornecedor (codfornecedor,nomefantasia,nomefornecedor,codemp,codext,cidade,uf,tel,fax,email,situacao,cnpjforn,lp_transporte,ieforn,enderecoforn,numendforn,dataabert,cepforn,atividadeprin,sitcad,tipo_id,status_lr,bairroforn,ignorarNFS) VALUES (2,'CONSTRUTORRES','CONSTRUTORRES',null,null,'','','','','',null,null,null,null,null,null,null,null,null,null,null,null,null,null); 

SET IDENTITY_INSERT tabcadfornecedor OFF; 

SET IDENTITY_INSERT tabcadmaterial ON; 

INSERT INTO tabcadmaterial (codext,codmaterial,nomematerial,unid,codgrupo,manutencao,valor,aplicacao,qtdeestoque,codfabricante,codnomefabricante,codclasse,codgrupoquimico,codativo,codpraga,situacao,concentracao,codtipoacao,codformulacao,linkbula,codempmateriais,doseprod,mlprod,mlm3,calcativom3,mlprodm3,limitarprod,dosemax,ltsbb,tipocalcdose,tipocalc,tipocalcltsbb,reentrada,registro,lp_transporte,tabncm_id,SNNFE,peso,origem,id_tributacao,ncm,estoque_min,estoque_ideal,estoque_max,cod_substituto) VALUES (null,1,'ROLAMENTO 206 CX DE NAVALHA','UND',null,'',null,'',null,'',null,null,null,null,null,'ATIVADO','',null,null,'',null,null,null,null,'',null,'',null,null,null,'',null,null,'',null,null,null,null,null,null,null,null,null,null,null); 

INSERT INTO tabcadmaterial (codext,codmaterial,nomematerial,unid,codgrupo,manutencao,valor,aplicacao,qtdeestoque,codfabricante,codnomefabricante,codclasse,codgrupoquimico,codativo,codpraga,situacao,concentracao,codtipoacao,codformulacao,linkbula,codempmateriais,doseprod,mlprod,mlm3,calcativom3,mlprodm3,limitarprod,dosemax,ltsbb,tipocalcdose,tipocalc,tipocalcltsbb,reentrada,registro,lp_transporte,tabncm_id,SNNFE,peso,origem,id_tributacao,ncm,estoque_min,estoque_ideal,estoque_max,cod_substituto) VALUES (null,2,'SULFATO DE MAGNESIO','UND',null,'',null,'',null,'',null,null,null,null,null,'ATIVADO','',null,null,'',null,null,null,null,'',null,'',null,null,null,'',null,null,'',null,null,null,null,null,null,null,null,null,null,null); 

INSERT INTO tabcadmaterial (codext,codmaterial,nomematerial,unid,codgrupo,manutencao,valor,aplicacao,qtdeestoque,codfabricante,codnomefabricante,codclasse,codgrupoquimico,codativo,codpraga,situacao,concentracao,codtipoacao,codformulacao,linkbula,codempmateriais,doseprod,mlprod,mlm3,calcativom3,mlprodm3,limitarprod,dosemax,ltsbb,tipocalcdose,tipocalc,tipocalcltsbb,reentrada,registro,lp_transporte,tabncm_id,SNNFE,peso,origem,id_tributacao,ncm,estoque_min,estoque_ideal,estoque_max,cod_substituto) VALUES (null,3,'TEMIK','UND',null,'',null,'',null,'',null,null,null,null,null,'ATIVADO','',null,null,'',null,null,null,null,'',null,'',null,null,null,'',null,null,'',null,null,null,null,null,null,null,null,null,null,null); 

SET IDENTITY_INSERT tabcadmaterial OFF; 

SET IDENTITY_INSERT tabcadmecanico ON; 

INSERT INTO tabcadmecanico (codmec,nomemec,codemp,situacao,codext) VALUES (1,'MARIO DA SILVA',null,'',null); 

INSERT INTO tabcadmecanico (codmec,nomemec,codemp,situacao,codext) VALUES (2,'JOAO RIBEIRO',null,'',null); 

SET IDENTITY_INSERT tabcadmecanico OFF; 

SET IDENTITY_INSERT tabcadmotorista ON; 

INSERT INTO tabcadmotorista (id,NUMTRN,NUMMOT,NOMMOT,PLACA,UFPLACA,MUNMOT,SITMOT,MUNIBGE,NUMTEL,CodResponsavel,CTe) VALUES (1,1,1,'Daniel ','ABC-1234','','','','','',null,null); 

SET IDENTITY_INSERT tabcadmotorista OFF; 

SET IDENTITY_INSERT tabcadpatrimonio_tipo ON; 

INSERT INTO tabcadpatrimonio_tipo (CODTPAT,DESCTPAT,SITTPAT,NUMFRO,NUMTRN,ESTOQUE,NUMFAZ,CTHORI) VALUES (1,'TRATORES','A','X','','','','X'); 

INSERT INTO tabcadpatrimonio_tipo (CODTPAT,DESCTPAT,SITTPAT,NUMFRO,NUMTRN,ESTOQUE,NUMFAZ,CTHORI) VALUES (3,'FERRAMENTAS','A','','','','',''); 

INSERT INTO tabcadpatrimonio_tipo (CODTPAT,DESCTPAT,SITTPAT,NUMFRO,NUMTRN,ESTOQUE,NUMFAZ,CTHORI) VALUES (4,'VEICULOS','A','X','','','','X'); 

INSERT INTO tabcadpatrimonio_tipo (CODTPAT,DESCTPAT,SITTPAT,NUMFRO,NUMTRN,ESTOQUE,NUMFAZ,CTHORI) VALUES (5,'TRANSPORTADORA','A','','X','','','X'); 

INSERT INTO tabcadpatrimonio_tipo (CODTPAT,DESCTPAT,SITTPAT,NUMFRO,NUMTRN,ESTOQUE,NUMFAZ,CTHORI) VALUES (6,'ESTOQUE','A','','','X','',''); 

INSERT INTO tabcadpatrimonio_tipo (CODTPAT,DESCTPAT,SITTPAT,NUMFRO,NUMTRN,ESTOQUE,NUMFAZ,CTHORI) VALUES (7,'FAZENDA','A','','','','X',''); 

SET IDENTITY_INSERT tabcadpatrimonio_tipo OFF; 

SET IDENTITY_INSERT tabcadponto ON; 

INSERT INTO tabcadponto (id,Data_Ponto,Cod_Fazenda,Cod_Turma,Nome_Fiscal,Cod_Funcionario,Nome_Funcionario,Hora_Inicial,Hora_Final,dtultimaatualizacao,NSR_Entrada,NSR_Saida,NFR,id_REP,Nome_Rep,Cod_TabFuncionario,Cod_TabFazenda,Cod_TabTurma,app) VALUES (1,'2020-09-18',1,1,'Daniel',1,'Daniel de Oliveira','12:00:00','',null,'','','',null,'',null,null,null,null); 

SET IDENTITY_INSERT tabcadponto OFF; 

SET IDENTITY_INSERT tabcadservico ON; 

INSERT INTO tabcadservico (CODSER,SERVICO,VALOR,SITUACAO) VALUES (1,'CONSERTO DO PNEU K16',null,'A'); 

INSERT INTO tabcadservico (CODSER,SERVICO,VALOR,SITUACAO) VALUES (2,'TROCA DE VEDA€ÇO PISTÇO DA DIR',null,'A'); 

SET IDENTITY_INSERT tabcadservico OFF; 

SET IDENTITY_INSERT tabcadtransportadora ON; 

INSERT INTO tabcadtransportadora (NUMTRN,NOMTRN,NOMEND,NUMCEP,NOMCID,SIGEST,NUMTEL,NUMFAX,CGCTRN,INSEST,NOMBAI,DATFINI,DATFFIN,TITULAR,BANCO,AGENCIA,CONTA,CPF,PFRETE,NUMTEL2,DIGAG,DIGCON,NUMBAN,PESSOA,BCONUM,BCOTIP,BCOOBS,RNTRC,dtultimaatualizacao,tipoatualizacao,codcidadeibge_transp,codcidadeibge_conta,email_transp,email_conta,situacao,pixtipo,chavepix) VALUES (1,'Daniel Velox','',null,'','','','','','','',null,null,'','','','','','','','','','',null,'',null,'',null,null,null,null,null,null,null,null,null,null); 

SET IDENTITY_INSERT tabcadtransportadora OFF; 

SET IDENTITY_INSERT tabcadtrator ON; 

INSERT INTO tabcadtrator (codtrator,situacao,nometrator,codtipopat,codfrotatrat,codpatrimonio,lp_transporte,numhorimetro,codfaz,codlocalpat,capacidadetanque) VALUES (12,'A','TL75-E 4X4',1,1014,14,null,null,null,null,null); 

INSERT INTO tabcadtrator (codtrator,situacao,nometrator,codtipopat,codfrotatrat,codpatrimonio,lp_transporte,numhorimetro,codfaz,codlocalpat,capacidadetanque) VALUES (3,'A','KOMBI 1.4 FLEX ETI-0194',4,10,1004,null,null,null,null,null); 

SET IDENTITY_INSERT tabcadtrator OFF; 

SET IDENTITY_INSERT tabchamadosstatus ON; 

INSERT INTO tabchamadosstatus (id,dtultimaatualizacao,descricao) VALUES (1,null,'ABERTO'); 

INSERT INTO tabchamadosstatus (id,dtultimaatualizacao,descricao) VALUES (2,null,'ANDAMENTO'); 

INSERT INTO tabchamadosstatus (id,dtultimaatualizacao,descricao) VALUES (3,null,'CONCLUÍDO'); 

INSERT INTO tabchamadosstatus (id,dtultimaatualizacao,descricao) VALUES (4,null,'CANCELADO'); 

INSERT INTO tabchamadosstatus (id,dtultimaatualizacao,descricao) VALUES (5,null,'NÃO EXECUTADO'); 

SET IDENTITY_INSERT tabchamadosstatus OFF; 

SET IDENTITY_INSERT tabestoque ON; 

INSERT INTO tabestoque (codestoque,nomeestoque,codemp,situacao,combustivel,codext) VALUES (1,'CACHOEIRA',null,'ATIVADO','',null); 

INSERT INTO tabestoque (codestoque,nomeestoque,codemp,situacao,combustivel,codext) VALUES (2,'VITORIA',null,'ATIVADO','',null); 

INSERT INTO tabestoque (codestoque,nomeestoque,codemp,situacao,combustivel,codext) VALUES (3,'SR MARCIO',null,'ATIVADO','',null); 

INSERT INTO tabestoque (codestoque,nomeestoque,codemp,situacao,combustivel,codext) VALUES (4,'PAULISTÂNIA',null,'ATIVADO','',null); 

INSERT INTO tabestoque (codestoque,nomeestoque,codemp,situacao,combustivel,codext) VALUES (5,'FAZENDA JOSIANE SIMONETI',null,'ATIVADO','',null); 

INSERT INTO tabestoque (codestoque,nomeestoque,codemp,situacao,combustivel,codext) VALUES (6,'BELA VISTA',null,'ATIVADO','',null); 

INSERT INTO tabestoque (codestoque,nomeestoque,codemp,situacao,combustivel,codext) VALUES (7,'SANTA LUCIA',null,'ATIVADO','',null); 

INSERT INTO tabestoque (codestoque,nomeestoque,codemp,situacao,combustivel,codext) VALUES (8,'SANTA LUIZA',null,'ATIVADO','',null); 

INSERT INTO tabestoque (codestoque,nomeestoque,codemp,situacao,combustivel,codext) VALUES (9,'CAMINHÃO CALDA VITORIA',null,'ATIVADO','',null); 

INSERT INTO tabestoque (codestoque,nomeestoque,codemp,situacao,combustivel,codext) VALUES (10,'CAMINHAO CALDA SANTA LUCIA',null,'ATIVADO','',null); 

INSERT INTO tabestoque (codestoque,nomeestoque,codemp,situacao,combustivel,codext) VALUES (11,'SANTA MARINA',null,'ATIVADO','',null); 

INSERT INTO tabestoque (codestoque,nomeestoque,codemp,situacao,combustivel,codext) VALUES (12,'DIOGO',null,'ATIVADO','',null); 

SET IDENTITY_INSERT tabestoque OFF; 

SET IDENTITY_INSERT tabestoquefaz ON; 

INSERT INTO tabestoquefaz (id,codfaz,codestoque) VALUES (1,1,1); 

INSERT INTO tabestoquefaz (id,codfaz,codestoque) VALUES (2,2,1); 

INSERT INTO tabestoquefaz (id,codfaz,codestoque) VALUES (3,2,2); 

INSERT INTO tabestoquefaz (id,codfaz,codestoque) VALUES (4,3,1); 

INSERT INTO tabestoquefaz (id,codfaz,codestoque) VALUES (5,3,2); 

INSERT INTO tabestoquefaz (id,codfaz,codestoque) VALUES (6,4,1); 

INSERT INTO tabestoquefaz (id,codfaz,codestoque) VALUES (7,4,2); 

INSERT INTO tabestoquefaz (id,codfaz,codestoque) VALUES (8,5,1); 

INSERT INTO tabestoquefaz (id,codfaz,codestoque) VALUES (9,5,2); 

INSERT INTO tabestoquefaz (id,codfaz,codestoque) VALUES (10,8,1); 

INSERT INTO tabestoquefaz (id,codfaz,codestoque) VALUES (11,9,1); 

INSERT INTO tabestoquefaz (id,codfaz,codestoque) VALUES (12,9,2); 

INSERT INTO tabestoquefaz (id,codfaz,codestoque) VALUES (13,11,6); 

INSERT INTO tabestoquefaz (id,codfaz,codestoque) VALUES (14,12,4); 

INSERT INTO tabestoquefaz (id,codfaz,codestoque) VALUES (15,13,7); 

INSERT INTO tabestoquefaz (id,codfaz,codestoque) VALUES (16,5,3); 

SET IDENTITY_INSERT tabestoquefaz OFF; 

SET IDENTITY_INSERT tabusuarios ON;

SET IDENTITY_INSERT tabusuarios OFF; 

SET IDENTITY_INSERT tabusuariosest ON; 

INSERT INTO tabusuariosest (coduser,id,codest) VALUES (1,1,1); 

INSERT INTO tabusuariosest (coduser,id,codest) VALUES (2,2,2); 

SET IDENTITY_INSERT tabusuariosest OFF; 

SET IDENTITY_INSERT tbcadmaterial ON; 

INSERT INTO tbcadmaterial (NUMPRD,NOMPRD,UNDPRD,AUTORIZA) VALUES (1,'ROLAMENTO 206 CX DE NAVALHA','UND','S'); 

INSERT INTO tbcadmaterial (NUMPRD,NOMPRD,UNDPRD,AUTORIZA) VALUES (4,'SULFATO DE MAGNESIO','KGS','S'); 

INSERT INTO tbcadmaterial (NUMPRD,NOMPRD,UNDPRD,AUTORIZA) VALUES (5,'TEMIK','KGS','S'); 

SET IDENTITY_INSERT tbcadmaterial OFF; 
